 266?
14
What is the highest common factor of 23 and 5658?
23
What is the highest common factor of 216 and 216?
216
What is the highest common factor of 5 and 355?
5
Calculate the greatest common factor of 3018 and 6.
6
What is the greatest common factor of 19 and 437?
19
What is the greatest common divisor of 1408 and 20?
4
What is the greatest common divisor of 52 and 4303?
13
Calculate the greatest common factor of 208 and 48.
16
Calculate the greatest common divisor of 3478 and 1692.
94
What is the highest common divisor of 12 and 804?
12
Calculate the greatest common factor of 126 and 117.
9
Calculate the greatest common divisor of 340 and 20.
20
What is the greatest common divisor of 17596 and 212?
212
What is the greatest common factor of 5181 and 132?
33
What is the highest common divisor of 80 and 120?
40
Calculate the greatest common divisor of 330 and 15.
15
Calculate the highest common divisor of 1708 and 28.
28
What is the highest common divisor of 133 and 19?
19
What is the highest common divisor of 8 and 196?
4
Calculate the greatest common divisor of 155 and 403.
31
What is the highest common factor of 7 and 119?
7
What is the greatest common divisor of 72 and 8?
8
What is the highest common factor of 53 and 371?
53
What is the greatest common divisor of 726 and 5544?
66
What is the greatest common divisor of 108 and 1380?
12
Calculate the greatest common factor of 425 and 50.
25
Calculate the greatest common divisor of 36 and 48.
12
Calculate the highest common divisor of 80 and 16.
16
What is the greatest common factor of 22 and 4609?
11
Calculate the highest common divisor of 4 and 172.
4
What is the greatest common factor of 160 and 1152?
32
Calculate the highest common divisor of 339 and 452.
113
What is the greatest common factor of 147 and 98?
49
What is the greatest common factor of 100 and 8540?
20
What is the highest common divisor of 10206 and 72?
18
Calculate the highest common divisor of 6604 and 52.
52
What is the greatest common factor of 30 and 1290?
30
What is the highest common factor of 7788 and 4602?
354
Calculate the highest common divisor of 112 and 7.
7
What is the highest common factor of 147 and 39?
3
Calculate the highest common factor of 80 and 10160.
80
Calculate the highest common divisor of 17 and 1.
1
Calculate the highest common divisor of 49 and 7791.
49
What is the highest common divisor of 144 and 16?
16
What is the highest common divisor of 752 and 470?
94
Calculate the highest common divisor of 1530 and 442.
34
What is the greatest common divisor of 1589 and 7?
7
Calculate the highest common factor of 1936 and 128.
16
What is the highest common factor of 31 and 961?
31
What is the highest common divisor of 19 and 76?
19
Calculate the greatest common divisor of 8601 and 47.
47
What is the greatest common factor of 49 and 2737?
7
Calculate the highest common factor of 646 and 2204.
38
What is the highest common factor of 1140 and 6?
6
What is the greatest common divisor of 38 and 278?
2
What is the greatest common divisor of 273 and 195?
39
Calculate the greatest common factor of 24 and 40.
8
Calculate the highest common factor of 90 and 72.
18
Calculate the greatest common factor of 353 and 24004.
353
Calculate the highest common divisor of 560 and 91.
7
Calculate the greatest common factor of 2961 and 567.
63
Calculate the highest common divisor of 1701 and 42.
21
Calculate the greatest common factor of 26 and 6318.
26
Calculate the greatest common factor of 1092 and 26.
26
What is the greatest common factor of 395 and 10112?
79
What is the highest common factor of 6 and 12858?
6
What is the greatest common divisor of 21 and 5831?
7
What is the greatest common factor of 176 and 140?
4
What is the highest common factor of 30 and 42?
6
Calculate the greatest common divisor of 1 and 392.
1
What is the highest common factor of 2574 and 66?
66
What is the highest common factor of 40 and 640?
40
Calculate the greatest common divisor of 1240 and 160.
40
What is the highest common divisor of 104 and 1898?
26
What is the highest common divisor of 4 and 9532?
4
Calculate the greatest common divisor of 228 and 760.
76
Calculate the greatest common divisor of 109 and 30.
1
Calculate the highest common factor of 406 and 986.
58
Calculate the highest common factor of 166 and 16102.
166
Calculate the highest common divisor of 14 and 3990.
14
What is the greatest common divisor of 2 and 3979?
1
What is the highest common factor of 51612 and 34?
34
Calculate the highest common divisor of 91 and 7.
7
What is the highest common divisor of 1196 and 624?
52
What is the greatest common factor of 72 and 225?
9
Calculate the greatest common factor of 30 and 95.
5
What is the highest common divisor of 5 and 27?
1
What is the greatest common factor of 10494 and 66?
66
Calculate the highest common divisor of 40 and 16.
8
What is the highest common factor of 265 and 55915?
265
What is the greatest common divisor of 6042 and 114?
114
Calculate the highest common factor of 272 and 240.
16
Calculate the greatest common divisor of 38 and 62.
2
Calculate the highest common divisor of 702 and 2730.
78
What is the greatest common factor of 1376 and 43?
43
Calculate the highest common factor of 8192 and 16.
16
What is the greatest common divisor of 962 and 74?
74
What is the highest common factor of 6 and 96?
6
Calculate the highest common divisor of 10 and 810.
10
What is the highest common divisor of 5 and 40?
5
Calculate the highest common divisor of 561 and 132.
33
What is the greatest common divisor of 728 and 224?
56
Calculate the highest common factor of 377 and 58.
29
What is the highest common divisor of 7040 and 110?
110
Calculate the highest common factor of 6648 and 16.
8
What is the greatest common divisor of 72 and 792?
72
What is the highest common factor of 7 and 119?
7
Calculate the greatest common factor of 180 and 20.
20
What is the greatest common factor of 154 and 406?
14
Calculate the greatest common factor of 15 and 1605.
15
What is the highest common divisor of 355 and 497?
71
Calculate the highest common factor of 51 and 3808.
17
What is the highest common divisor of 432 and 32?
16
What is the greatest common factor of 45 and 975?
15
What is the highest common factor of 4 and 236?
4
What is the greatest common factor of 40 and 15?
5
Calculate the highest common divisor of 13 and 26663.
13
Calculate the highest common divisor of 268 and 14941.
67
Calculate the greatest common factor of 30 and 240.
30
What is the greatest common factor of 64 and 784?
16
What is the greatest common factor of 80 and 60?
20
Calculate the greatest common divisor of 1508 and 232.
116
Calculate the highest common divisor of 77 and 319.
11
What is the greatest common factor of 477 and 53?
53
What is the greatest common factor of 250 and 10?
10
Calculate the greatest common factor of 56 and 7.
7
What is the greatest common divisor of 1050 and 225?
75
Calculate the greatest common factor of 84 and 112.
28
Calculate the greatest common divisor of 100 and 850.
50
What is the highest common divisor of 22 and 2?
2
What is the highest common divisor of 34 and 85?
17
Calculate the highest common factor of 94 and 141.
47
What is the greatest common divisor of 36 and 36?
36
What is the highest common divisor of 198 and 110?
22
What is the greatest common factor of 3645 and 54?
27
What is the greatest common divisor of 162 and 504?
18
Calculate the greatest common divisor of 468 and 39.
39
What is the highest common divisor of 20 and 25?
5
What is the highest common factor of 41 and 19?
1
Calculate the greatest common divisor of 2989 and 35.
7
Calculate the greatest common factor of 180 and 144.
36
Calculate the highest common divisor of 38 and 2394.
38
Calculate the greatest common factor of 6846 and 42.
42
Calculate the highest common factor of 186 and 42.
6
Calculate the highest common factor of 11774 and 29.
29
What is the highest common factor of 33 and 2981?
11
Calculate the greatest common factor of 10699 and 39.
13
What is the highest common factor of 652 and 163?
163
Calculate the highest common divisor of 12 and 19488.
12
What is the highest common divisor of 96 and 72?
24
What is the greatest common factor of 216 and 297?
